{"id":13,"date":"2018-09-13T16:59:33","date_gmt":"2018-09-13T14:59:33","guid":{"rendered":"http:\/\/regimodisikk.hu\/?page_id=13"},"modified":"2018-09-13T16:59:33","modified_gmt":"2018-09-13T14:59:33","slug":"kezdooldal-szekcio","status":"publish","type":"page","link":"http:\/\/regimodisikk.hu\/index.php\/kezdooldal-szekcio\/","title":{"rendered":"Kezd\u0151oldal szekci\u00f3"},"content":{"rendered":"<p>Ez egy kezd\u0151lap szekci\u00f3 minta. A kezd\u0151lap szekci\u00f3i b\u00e1rmelyik oldal lehet a kezd\u0151oldalt lesz\u00e1m\u00edtva, bele\u00e9rtve a legut\u00f3bbi bejegyz\u00e9sek oldal\u00e1t is.<\/p>\n","protected":false},"excerpt":{"rendered":"<p>Ez egy kezd\u0151lap szekci\u00f3 minta. A kezd\u0151lap szekci\u00f3i b\u00e1rmelyik oldal lehet a kezd\u0151oldalt lesz\u00e1m\u00edtva, bele\u00e9rtve a legut\u00f3bbi bejegyz\u00e9sek oldal\u00e1t is.<\/p>\n","protected":false},"author":1,"featured_media":6,"parent":0,"menu_order":0,"comment_status":"closed","ping_status":"closed","template":"","meta":{"footnotes":""},"class_list":["post-13","page","type-page","status-publish","has-post-thumbnail","hentry"],"_links":{"self":[{"href":"http:\/\/regimodisikk.hu\/index.php\/wp-json\/wp\/v2\/pages\/13","targetHints":{"allow":["GET"]}}],"collection":[{"href":"http:\/\/regimodisikk.hu\/index.php\/wp-json\/wp\/v2\/pages"}],"about":[{"href":"http:\/\/regimodisikk.hu\/index.php\/wp-json\/wp\/v2\/types\/page"}],"author":[{"embeddable":true,"href":"http:\/\/regimodisikk.hu\/index.php\/wp-json\/wp\/v2\/users\/1"}],"replies":[{"embeddable":true,"href":"http:\/\/regimodisikk.hu\/index.php\/wp-json\/wp\/v2\/comments?post=13"}],"version-history":[{"count":1,"href":"http:\/\/regimodisikk.hu\/index.php\/wp-json\/wp\/v2\/pages\/13\/revisions"}],"predecessor-version":[{"id":19,"href":"http:\/\/regimodisikk.hu\/index.php\/wp-json\/wp\/v2\/pages\/13\/revisions\/19"}],"wp:featuredmedia":[{"embeddable":true,"href":"http:\/\/regimodisikk.hu\/index.php\/wp-json\/wp\/v2\/media\/6"}],"wp:attachment":[{"href":"http:\/\/regimodisikk.hu\/index.php\/wp-json\/wp\/v2\/media?parent=13"}],"curies":[{"name":"wp","href":"https:\/\/api.w.org\/{rel}","templated":true}]}}